rime number?
False
Is 1597913 prime?
True
Is 22872757 prime?
True
Is 14582167 prime?
False
Is 4136161 composite?
False
Is 78439357 prime?
True
Is 47346577 composite?
True
Is 43102861 a composite number?
True
Is 4198631 composite?
False
Is 5945213 prime?
True
Is 34349501 composite?
False
Is 17023021 a composite number?
False
Is 30963691 a prime number?
False
Is 9123551 composite?
True
Is 206100647 composite?
True
Is 7089347 prime?
False
Is 7472051 a composite number?
False
Is 2610473 a prime number?
True
Is 661709 a composite number?
True
Is 17005033 a composite number?
False
Is 3667643 composite?
True
Is 18244013 composite?
False
Is 845333 composite?
False
Is 111635339 composite?
False
Is 772619 a composite number?
False
Is 3893215 a prime number?
False
Is 617543 a prime number?
False
Is 4234159 a prime number?
False
Is 8379127 composite?
False
Is 112988699 prime?
False
Is 5594591 composite?
False
Is 85297 prime?
True
Is 1178347 composite?
False
Is 9067013 composite?
False
Is 137628631 a composite number?
True
Is 5079889 composite?
True
Is 19677547 a composite number?
False
Is 14551619 a composite number?
True
Is 131299919 composite?
False
Is 3434647 a composite number?
True
Is 181900519 prime?
False
Is 31379191 composite?
True
Is 51276409 a composite number?
False
Is 167071451 a prime number?
False
Is 2776469 a prime number?
False
Is 14969 composite?
False
Is 13411201 a composite number?
False
Is 2451527 a composite number?
True
Is 1727683 a composite number?
False
Is 12222731 prime?
True
Is 3225689 a prime number?
False
Is 70357433 a prime number?
True
Is 13630031 a composite number?
False
Is 8354947 prime?
True
Is 2065267 a prime number?
True
Is 6332489 prime?
False
Is 86714137 a prime number?
True
Is 1263677 a composite number?
False
Is 5668789 a prime number?
False
Is 182968661 prime?
False
Is 21584759 a prime number?
False
Is 16921337 prime?
True
Is 10122527 composite?
False
Is 69599381 prime?
True
Is 10144579 a composite number?
False
Is 5295467 prime?
False
Is 50867393 prime?
True
Is 1004429 composite?
False
Is 12302827 a prime number?
False
Is 83788867 prime?
False
Is 15146942 a composite number?
True
Is 5582173 a prime number?
True
Is 3540067 prime?
True
Is 2456173 a prime number?
False
Is 122387 a prime number?
True
Is 160665145 a prime number?
False
Is 41184109 a prime number?
True
Is 109397503 prime?
False
Is 264719593 composite?
False
Is 13031619 a composite number?
True
Is 3371747 prime?
True
Is 85661501 a prime number?
True
Is 4532011 a composite number?
True
Is 2674829 composite?
False
Is 5373883 composite?
False
Is 566367299 a prime number?
True
Is 28548691 prime?
True
Is 6979361 a prime number?
True
Is 1460003 prime?
True
Is 18478211 a prime number?
False
Is 7263923 a composite number?
True
Is 51002813 a prime number?
True
Is 17496389 a composite number?
False
Is 5647043 composite?
True
Is 810894013 prime?
True
Is 9110414 prime?
False
Is 4346983 a prime number?
False
Is 15170813 composite?
True
Is 2828809 prime?
True
Is 6361679 prime?
True
Is 807029 composite?
True
Is 90534397 composite?
True
Is 551989351 prime?
False
Is 34763819 a composite number?
False
Is 19502339 a prime number?
False
Is 9814759 a composite number?
False
Is 10878719 prime?
False
Is 166685857 composite?
True
Is 282910319 composite?
False
Is 27748983 prime?
False
Is 395937439 a composite number?
True
Is 64468331 a composite number?
False
Is 23459789 a prime number?
True
Is 4442587 a prime number?
False
Is 41457839 a composite number?
False
Is 8119567 composite?
False
Is 7285063 a composite number?
True
Is 26998667 a prime number?
True
Is 65469947 composite?
True
Is 4947563 prime?
False
Is 2872741 prime?
True
Is 160532447 prime?
True
Is 1088489 a prime number?
True
Is 13013753 prime?
False
Is 6890957 composite?
False
Is 25044101 prime?
True
Is 108949331 composite?
True
Is 171647353 prime?
True
Is 15411683 composite?
True
Is 2232407 a prime number?
False
Is 6871793 a composite number?
False
Is 2707501 a prime number?
True
Is 16144313 a composite number?
False
Is 484009 composite?
True
Is 11811509 composite?
False
Is 38259659 a prime number?
False
Is 12702913 prime?
True
Is 12723833 composite?
False
Is 16188191 a composite number?
False
Is 9963031 a composite number?
True
Is 2658193 a composite number?
False
Is 791167 a prime number?
False
Is 44991761 prime?
True
Is 17011 prime?
True
Is 323455949 a prime number?
False
Is 526656673 composite?
False
Is 87098819 composite?
False
Is 8995741 a prime number?
True
Is 197857 composite?
True
Is 136919 prime?
False
Is 44778359 a composite number?
False
Is 355961953 composite?
False
Is 75802997 composite?
False
Is 182999 a composite number?
False
Is 121291793 a composite number?
True
Is 730171 prime?
False
Is 15242903 a prime number?
False
Is 4034539 a composite number?
True
Is 245244479 composite?
True
Is 65047181 a composite number?
False
Is 6132803 a composite number?
True
Is 13545241 a prime number?
False
Is 1612393 a composite number?
False
Is 1005209006 composite?
True
Is 15823519 a composite number?
False
Is 47941187 a prime number?
False
Is 5748967 a composite number?
True
Is 7221355 a prime number?
False
Is 5123465 a composite number?
True
Is 5395691 a composite number?
True
Is 39239371 composite?
False
Is 536257 prime?
False
Is 1584391 a composite number?
True
Is 110681 a composite number?
False
Is 21739247 a prime number?
True
Is 260563579 prime?
False
Is 31764665 prime?
False
Is 710279 a prime number?
False
Is 4895351 composite?
False
Is 1042453 a composite number?
True
Is 8072546 prime?
False
Is 54557849 prime?
False
Is 52071185 composite?
True
Is 4226483 a composite number?
True
Is 44793211 composite?
False
Is 4958077 a prime number?
False
Is 73804903 composite?
False
Is 5875039 composite?
True
Is 13069303 composite?
True
Is 12028331 composite?
True
Is 974846 a prime number?
False
Is 13276567 a prime number?
False
Is 370731583 a prime number?
True
Is 53383283 a composite number?
True
Is 3115461 prime?
False
Is 57762469 a prime number?
True
Is 91664387 a composite number?
True
Is 2438185 a prime number?
False
Is 2584126 prime?
False
Is 649400239 prime?
False
Is 3078947 a prime number?
True
Is 28424839 composite?
False
Is 2011391 a prime number?
True
Is 613463 a composite number?
False
Is 11265523 prime?
True
Is 178091 a composite number?
False
Is 17282479 a prime number?
False
Is 6493282 a composite number?
True
Is 3988823 prime?
True
Is 15621967 composite?
False
Is 169405523 a composite number?
True
Is 2137613 prime?
True
Is 24125411 prime?
True
Is 159792951 a composite number?
True
Is 12863001 prime?
False
Is 510799 prime?
False
Is 1131033 a composite number?
True
Is 10241977 composite?
False
Is 873961 prime?
False
Is 27454957 a prime number?
True
Is 49863251 prime?
False
Is 6695141 a prime number?
False
Is 22282105 composite?
True
Is 1420667 a prime number?
True
Is 233021 a prime number?
True
Is 16518077 prime?
True
Is 5328383 composite?
True
Is 22469303 composite?
False
Is 15865139 prime?
False
Is 5506651 composite?
False
Is 170106085 a composite number?
True
Is 72940027 prime?
True
Is 119771393 a composite number?
True
Is 3557669 a composite number?
True
Is 32109733 a composite number?
False
Is 24048221 prime?
False
Is 186270113 prime?
False
Is 40990121 a prime number?
True
Is 178889 a composite number?
False
Is 104136859 composite?
False
Is 6519453 a prime number?
False
Is 98453111 a prime number?
True
Is 1382861 prime?
True
Is 10788997 a prime number?
True
Is 8942741 a composite number?
False
Is 3370243 a composite number?
False
Is 896027 a composite number?
True
Is 444871533 composite?
True
Is 38067671 prime?
True
Is 1211044453 composite?
True
Is 5045759 a composite number?
True
Is 116027897 composite?
False
Is 131318549 prime?
True
Is 57691057 a composite number?
False
Is 28169437 prime?
True
Is 6362087 prime?
True
Is 20895289 composite?
False
Is 4955761 a composite number?
False
Is 7807159 prime?
False
Is 366127 a prime number?
True
Is 23383821 composite?
True
Is 19480645 prime?
False
Is 5007287 a prime number?
False
Is 146208341 a prime number?
True
Is 281023 a composite number?
False
Is 1024939 a composite number?
False
Is 11710903 composite?
True
Is 4566071 composite?
False
Is 1599809 a pr